{"id":2800,"date":"2024-09-12T17:29:22","date_gmt":"2024-09-12T15:29:22","guid":{"rendered":"https:\/\/deaf24.com\/impressum\/"},"modified":"2025-09-25T07:31:22","modified_gmt":"2025-09-25T05:31:22","slug":"impressum","status":"publish","type":"page","link":"https:\/\/deaf24.com\/fr\/impressum\/","title":{"rendered":"Impressum"},"content":{"rendered":"\n<p><strong>Deaf24<\/strong> ist eine unabh\u00e4ngige Redaktion mit <strong>internationalem Presseausweis<\/strong>.<br>Wir arbeiten journalistisch und stehen unter den Regelungen des deutschen <strong>Presserechts<\/strong>.<br>Unsere Aufgabe ist die unabh\u00e4ngige Berichterstattung \u00fcber Themen der Geh\u00f6rlosen- und H\u00f6rbehinderten-Community.<\/p>\n\n\n\n<p><strong>Angaben gem\u00e4\u00df \u00a7 5 TMG<\/strong><br><br>Redaktion Deaf24<br>Mario Schwarz<br>Martin-Luther-Str. 5<br>97072 W\u00fcrzburg<\/p>\n\n\n\n<p><strong>Kontakt:<\/strong><br>SMS: 0160 \u2013 90948918<br>info@deaf24.com<br><br><strong>Vertreten durch:<\/strong><br>Mario Schwarz<\/p>\n\n\n\n<p><strong>Umsatzsteuer-ID:<\/strong><br>Umsatzsteuer-Identifikationsnummer gem\u00e4\u00df \u00a727a Umsatzsteuergesetz: DE304732855<\/p>\n\n\n\n<p><strong>Verantwortlich f\u00fcr den Inhalt nach \u00a7 55 Abs. 2 RStV:<\/strong><br>Redaktion Deaf24<br>Mario Schwarz<br>Martin-Luther-Str. 5<br>97072 W\u00fcrzburg<\/p>\n\n\n\n<h2 class=\"wp-block-heading\"><strong>Haftungsausschluss:<\/strong><\/h2>\n\n\n\n<p>Folgenden Formulierungsvorschlag k\u00f6nnen Sie f\u00fcr die Umsetzung nutzen:<\/p>\n\n\n\n<p><em>OS-Plattform:<\/em><br><em>Die Plattform zur Online-Streitbeilegung der Europ\u00e4ischen Kommission k\u00f6nnen Sie unter diesem Link aufrufen:<\/em><br><a href=\"https:\/\/www.ec.europa.eu\/consumers\/odr\" target=\"_blank\" rel=\"noreferrer noopener\">https:\/\/www.ec.europa.eu\/consumers\/odr<\/a><\/p>\n\n\n\n<p>&nbsp;<\/p>\n\n\n\n<h2 class=\"wp-block-heading\"><strong>Haftung f\u00fcr Inhalte<\/strong><\/h2>\n\n\n\n<p>Die Inhalte unserer Seiten wurden mit gr\u00f6\u00dfter Sorgfalt erstellt. F\u00fcr die Richtigkeit, Vollst\u00e4ndigkeit und Aktualit\u00e4t der Inhalte k\u00f6nnen wir jedoch keine Gew\u00e4hr \u00fcbernehmen. Als Diensteanbieter sind wir gem\u00e4\u00df \u00a7 7 Abs.1 TMG f\u00fcr eigene Inhalte auf diesen Seiten nach den allgemeinen Gesetzen verantwortlich. Nach \u00a7\u00a7 8 bis 10 TMG sind wir als Diensteanbieter jedoch nicht verpflichtet, \u00fcbermittelte oder gespeicherte fremde Informationen zu \u00fcberwachen oder nach Umst\u00e4nden zu forschen, die auf eine rechtswidrige T\u00e4tigkeit hinweisen. Verpflichtungen zur Entfernung oder Sperrung der Nutzung von Informationen nach den allgemeinen Gesetzen bleiben hiervon unber\u00fchrt. Eine diesbez\u00fcgliche Haftung ist jedoch erst ab dem Zeitpunkt der Kenntnis einer konkreten Rechtsverletzung m\u00f6glich. Bei Bekanntwerden von entsprechenden Rechtsverletzungen werden wir diese Inhalte umgehend entfernen.<\/p>\n\n\n\n<p>&nbsp;<\/p>\n\n\n\n<h2 class=\"wp-block-heading\"><strong>Haftung f\u00fcr Links<\/strong><\/h2>\n\n\n\n<p>Unser Angebot enth\u00e4lt Links zu externen Webseiten Dritter, auf deren Inhalte wir keinen Einfluss haben. Deshalb k\u00f6nnen wir f\u00fcr diese fremden Inhalte auch keine Gew\u00e4hr \u00fcbernehmen. F\u00fcr die Inhalte der verlinkten Seiten ist stets der jeweilige Anbieter oder Betreiber der Seiten verantwortlich. Die verlinkten Seiten wurden zum Zeitpunkt der Verlinkung auf m\u00f6gliche Rechtsverst\u00f6\u00dfe \u00fcberpr\u00fcft. Rechtswidrige Inhalte waren zum Zeitpunkt der Verlinkung nicht erkennbar. Eine permanente inhaltliche Kontrolle der verlinkten Seiten ist jedoch ohne konkrete Anhaltspunkte einer Rechtsverletzung nicht zumutbar. Bei Bekanntwerden von Rechtsverletzungen werden wir derartige Links umgehend entfernen.<\/p>\n\n\n\n<p>&nbsp;<\/p>\n\n\n\n<h2 class=\"wp-block-heading\">Urheberrecht, geistiges Eigentum und Presserecht<\/h2>\n\n\n\n<p>Alle Inhalte dieser Website \u2013 einschlie\u00dflich Texte, Artikel, Fotos, Videos, Kommentare, Schreiben, Interviews und Stellungnahmen \u2013 sind urheberrechtlich gesch\u00fctzt und geistiges Eigentum von Deaf24, soweit nicht ausdr\u00fccklich etwas anderes angegeben ist.<\/p>\n\n\n\n<p>Deaf24 arbeitet als unabh\u00e4ngige Redaktion, verf\u00fcgt \u00fcber einen <strong>internationalen Presseausweis<\/strong> und steht unter den Regelungen des deutschen <strong>Presserechts<\/strong>.<br>Damit verbunden sind besondere Rechte und Pflichten, insbesondere der Schutz journalistischer Inhalte, das Recht auf Meinungs- und Pressefreiheit sowie die Beachtung journalistischer Sorgfalt.<\/p>\n\n\n\n<p>Eine Vervielf\u00e4ltigung, Nutzung, Bearbeitung, \u00dcbersetzung in andere Formate (einschlie\u00dflich Geb\u00e4rdensprache), Umgestaltung oder Weitergabe an Dritte ist ohne unsere vorherige schriftliche Genehmigung untersagt.<br>Dies gilt auch f\u00fcr das Teilen unserer Inhalte \u00fcber soziale Netzwerke, Messenger-Dienste oder andere digitale Plattformen.<\/p>\n\n\n\n<p>Verst\u00f6\u00dfe gegen diese Bestimmungen stellen eine Verletzung unserer Urheber- und Presserechte dar und k\u00f6nnen <strong>zivil- und strafrechtlich verfolgt<\/strong> werden.<br>Wir behalten uns insbesondere vor, Unterlassungsanspr\u00fcche geltend zu machen sowie <strong>Schadensersatz<\/strong> nach den gesetzlichen Vorschriften (\u00a7\u00a7 97 ff. UrhG) zu verlangen.<br>Die H\u00f6he eines Schadensersatzes richtet sich nach dem Einzelfall und kann mehrere tausend Euro betragen.<\/p>\n\n\n\n<p>Soweit Inhalte auf dieser Seite nicht vom Betreiber erstellt wurden, werden die Urheberrechte Dritter beachtet und entsprechende Quellen gekennzeichnet.<br>Sollten Sie dennoch eine Urheberrechtsverletzung feststellen, bitten wir um einen Hinweis. Bei Bekanntwerden werden wir die betreffenden Inhalte umgehend entfernen.<\/p>\n\n\n\n<p>&nbsp;<\/p>\n\n\n\n<h2 class=\"wp-block-heading\"><strong>Datenschutz<\/strong><\/h2>\n\n\n\n<p>Die Nutzung unserer Webseite ist in der Regel ohne Angabe personenbezogener Daten m\u00f6glich. Soweit auf unseren Seiten personenbezogene Daten (beispielsweise Name, Anschrift oder eMail-Adressen) erhoben werden, erfolgt dies, soweit m\u00f6glich, stets auf freiwilliger Basis. Diese Daten werden ohne Ihre ausdr\u00fcckliche Zustimmung nicht an Dritte weitergegeben.<br>Wir weisen darauf hin, dass die Daten\u00fcbertragung im Internet (z.B. bei der Kommunikation per E-Mail) Sicherheitsl\u00fccken aufweisen kann. Ein l\u00fcckenloser Schutz der Daten vor dem Zugriff durch Dritte ist nicht m\u00f6glich.<br>Der Nutzung von im Rahmen der Impressumspflicht ver\u00f6ffentlichten Kontaktdaten durch Dritte zur \u00dcbersendung von nicht ausdr\u00fccklich angeforderter Werbung und Informationsmaterialien wird hiermit ausdr\u00fccklich widersprochen. Die Betreiber der Seiten behalten sich ausdr\u00fccklich rechtliche Schritte im Falle der unverlangten Zusendung von Werbeinformationen, etwa durch Spam-Mails, vor.<\/p>\n\n\n\n<p>&nbsp;<\/p>\n\n\n\n<h2 class=\"wp-block-heading\"><strong>Google Analytics<\/strong><\/h2>\n\n\n\n<p>Diese Website benutzt Google Analytics, einen Webanalysedienst der Google Inc. (\u201cGoogle\u201c). Google Analytics verwendet sog. \u201cCookies\u201c, Textdateien, die auf Ihrem Computer gespeichert werden und die eine Analyse der Benutzung der Website durch Sie erm\u00f6glicht. Die durch den Cookie erzeugten Informationen \u00fcber Ihre Benutzung dieser Website (einschlie\u00dflich Ihrer IP-Adresse) wird an einen Server von Google in den USA \u00fcbertragen und dort gespeichert. Google wird diese Informationen benutzen, um Ihre Nutzung der Website auszuwerten, um Reports \u00fcber die Websiteaktivit\u00e4ten f\u00fcr die Websitebetreiber zusammenzustellen und um weitere mit der Websitenutzung und der Internetnutzung verbundene Dienstleistungen zu erbringen. Auch wird Google diese Informationen gegebenenfalls an Dritte \u00fcbertragen, sofern dies gesetzlich vorgeschrieben oder soweit Dritte diese Daten im Auftrag von Google verarbeiten. Google wird in keinem Fall Ihre IP-Adresse mit anderen Daten der Google in Verbindung bringen. Sie k\u00f6nnen die Installation der Cookies durch eine entsprechende Einstellung Ihrer Browser Software verhindern; wir weisen Sie jedoch darauf hin, dass Sie in diesem Fall gegebenenfalls nicht s\u00e4mtliche Funktionen dieser Website voll umf\u00e4nglich nutzen k\u00f6nnen. Durch die Nutzung dieser Website erkl\u00e4ren Sie sich mit der Bearbeitung der \u00fcber Sie erhobenen Daten durch Google in der zuvor beschriebenen Art und Weise und zu dem zuvor benannten Zweck einverstanden.<\/p>\n\n\n\n<p>&nbsp;<\/p>\n\n\n\n<h2 class=\"wp-block-heading\"><strong>Google AdSense<\/strong><\/h2>\n\n\n\n<p>Diese Website benutzt Google Adsense, einen Webanzeigendienst der Google Inc., USA (\u201cGoogle\u201c). Google Adsense verwendet sog. \u201cCookies\u201c (Textdateien), die auf Ihrem Computer gespeichert werden und die eine Analyse der Benutzung der Website durch Sie erm\u00f6glicht. Google Adsense verwendet auch sog. \u201cWeb Beacons\u201c (kleine unsichtbare Grafiken) zur Sammlung von Informationen. Durch die Verwendung des Web Beacons k\u00f6nnen einfache Aktionen wie der Besucherverkehr auf der Webseite aufgezeichnet und gesammelt werden. Die durch den Cookie und\/oder Web Beacon erzeugten Informationen \u00fcber Ihre Benutzung dieser Website (einschlie\u00dflich Ihrer IP-Adresse) werden an einen Server von Google in den USA \u00fcbertragen und dort gespeichert. Google wird diese Informationen benutzen, um Ihre Nutzung der Website im Hinblick auf die Anzeigen auszuwerten, um Reports \u00fcber die Websiteaktivit\u00e4ten und Anzeigen f\u00fcr die Websitebetreiber zusammenzustellen und um weitere mit der Websitenutzung und der Internetnutzung verbundene Dienstleistungen zu erbringen. Auch wird Google diese Informationen gegebenenfalls an Dritte \u00fcbertragen, sofern dies gesetzlich vorgeschrieben oder soweit Dritte diese Daten im Auftrag von Google verarbeiten. Google wird in keinem Fall Ihre IP-Adresse mit anderen Daten der Google in Verbindung bringen. Das Speichern von Cookies auf Ihrer Festplatte und die Anzeige von Web Beacons k\u00f6nnen Sie verhindern, indem Sie in Ihren Browser-Einstellungen \u201ckeine Cookies akzeptieren\u201c w\u00e4hlen (Im MS Internet-Explorer unter \u201cExtras > Internetoptionen > Datenschutz > Einstellung\u201c; im Firefox unter \u201cExtras > Einstellungen > Datenschutz > Cookies\u201c); wir weisen Sie jedoch darauf hin, dass Sie in diesem Fall gegebenenfalls nicht s\u00e4mtliche Funktionen dieser Website voll umf\u00e4nglich nutzen k\u00f6nnen. Durch die Nutzung dieser Website erkl\u00e4ren Sie sich mit der Bearbeitung der \u00fcber Sie erhobenen Daten durch Google in der zuvor beschriebenen Art und Weise und zu dem zuvor benannten Zweck einverstanden.<br>Impressum vom <a href=\"https:\/\/www.impressum-generator.de\" target=\"_blank\" rel=\"noopener\">Impressum Generator<\/a> der <a href=\"https:\/\/www.kanzlei-hasselbach.de\/\" target=\"_blank\" rel=\"noopener\">Kanzlei Hasselbach, Rechtsanw\u00e4lte f\u00fcr Arbeitsrecht und Familienrecht<\/a><\/p>\n","protected":false},"excerpt":{"rendered":"<p>Deaf24 ist eine unabh\u00e4ngige Redaktion mit internationalem Presseausweis.Wir arbeiten journalistisch und stehen unter den Regelungen des deutschen Presserechts.Unsere Aufgabe ist die unabh\u00e4ngige&hellip;<\/p>\n","protected":false},"author":1,"featured_media":0,"parent":0,"menu_order":0,"comment_status":"closed","ping_status":"closed","template":"","meta":{"_lmt_disableupdate":"","_lmt_disable":"","_price":"","_stock":"","_tribe_ticket_header":"","_tribe_default_ticket_provider":"","_tribe_ticket_capacity":"0","_ticket_start_date":"","_ticket_end_date":"","_tribe_ticket_show_description":"","_tribe_ticket_show_not_going":false,"_tribe_ticket_use_global_stock":"","_tribe_ticket_global_stock_level":"","_global_stock_mode":"","_global_stock_cap":"","_tribe_rsvp_for_event":"","_tribe_ticket_going_count":"","_tribe_ticket_not_going_count":"","_tribe_tickets_list":"[]","_tribe_ticket_has_attendee_info_fields":false,"_EventAllDay":false,"_EventTimezone":"","_EventStartDate":"","_EventEndDate":"","_EventStartDateUTC":"","_EventEndDateUTC":"","_EventShowMap":false,"_EventShowMapLink":false,"_EventURL":"","_EventCost":"","_EventCostDescription":"","_EventCurrencySymbol":"","_EventCurrencyCode":"","_EventCurrencyPosition":"","_EventDateTimeSeparator":"","_EventTimeRangeSeparator":"","_EventOrganizerID":[],"_EventVenueID":[],"_OrganizerEmail":"","_OrganizerPhone":"","_OrganizerWebsite":"","_VenueAddress":"","_VenueCity":"","_VenueCountry":"","_VenueProvince":"","_VenueState":"","_VenueZip":"","_VenuePhone":"","_VenueURL":"","_VenueStateProvince":"","_VenueLat":"","_VenueLng":"","_VenueShowMap":false,"_VenueShowMapLink":false,"footnotes":"","_tec_slr_enabled":"","_tec_slr_layout":""},"class_list":["post-2800","page","type-page","status-publish","hentry"],"ticketed":false,"_links":{"self":[{"href":"https:\/\/deaf24.com\/fr\/wp-json\/wp\/v2\/pages\/2800","targetHints":{"allow":["GET"]}}],"collection":[{"href":"https:\/\/deaf24.com\/fr\/wp-json\/wp\/v2\/pages"}],"about":[{"href":"https:\/\/deaf24.com\/fr\/wp-json\/wp\/v2\/types\/page"}],"author":[{"embeddable":true,"href":"https:\/\/deaf24.com\/fr\/wp-json\/wp\/v2\/users\/1"}],"replies":[{"embeddable":true,"href":"https:\/\/deaf24.com\/fr\/wp-json\/wp\/v2\/comments?post=2800"}],"version-history":[{"count":6,"href":"https:\/\/deaf24.com\/fr\/wp-json\/wp\/v2\/pages\/2800\/revisions"}],"predecessor-version":[{"id":10873,"href":"https:\/\/deaf24.com\/fr\/wp-json\/wp\/v2\/pages\/2800\/revisions\/10873"}],"wp:attachment":[{"href":"https:\/\/deaf24.com\/fr\/wp-json\/wp\/v2\/media?parent=2800"}],"curies":[{"name":"wp","href":"https:\/\/api.w.org\/{rel}","templated":true}]}}

<p><strong>Deaf24</strong> ist eine unabhängige Redaktion mit <strong>internationalem Presseausweis</strong>.<br>Wir arbeiten journalistisch und stehen unter den Regelungen des deutschen <strong>Presserechts</strong>.<br>Unsere Aufgabe ist die unabhängige Berichterstattung über Themen der Gehörlosen- und Hörbehinderten-Community.</p>



<p><strong>Angaben gemäß § 5 TMG</strong><br><br>Redaktion Deaf24<br>Mario Schwarz<br>Martin-Luther-Str. 5<br>97072 Würzburg</p>



<p><strong>Kontakt:</strong><br>SMS: 0160 – 90948918<br>info@deaf24.com<br><br><strong>Vertreten durch:</strong><br>Mario Schwarz</p>



<p><strong>Umsatzsteuer-ID:</strong><br>Umsatzsteuer-Identifikationsnummer gemäß §27a Umsatzsteuergesetz: DE304732855</p>



<p><strong>Verantwortlich für den Inhalt nach § 55 Abs. 2 RStV:</strong><br>Redaktion Deaf24<br>Mario Schwarz<br>Martin-Luther-Str. 5<br>97072 Würzburg</p>



<h2 class="wp-block-heading"><strong>Haftungsausschluss:</strong></h2>



<p>Folgenden Formulierungsvorschlag können Sie für die Umsetzung nutzen:</p>



<p><em>OS-Plattform:</em><br><em>Die Plattform zur Online-Streitbeilegung der Europäischen Kommission können Sie unter diesem Link aufrufen:</em><br><a href="https://www.ec.europa.eu/consumers/odr" target="_blank" rel="noreferrer noopener">https://www.ec.europa.eu/consumers/odr</a></p>



<p>&nbsp;</p>



<h2 class="wp-block-heading"><strong>Haftung für Inhalte</strong></h2>



<p>Die Inhalte unserer Seiten wurden mit größter Sorgfalt erstellt. Für die Richtigkeit, Vollständigkeit und Aktualität der Inhalte können wir jedoch keine Gewähr übernehmen. Als Diensteanbieter sind wir gemäß § 7 Abs.1 TMG für eigene Inhalte auf diesen Seiten nach den allgemeinen Gesetzen verantwortlich. Nach §§ 8 bis 10 TMG sind wir als Diensteanbieter jedoch nicht verpflichtet, übermittelte oder gespeicherte fremde Informationen zu überwachen oder nach Umständen zu forschen, die auf eine rechtswidrige Tätigkeit hinweisen. Verpflichtungen zur Entfernung oder Sperrung der Nutzung von Informationen nach den allgemeinen Gesetzen bleiben hiervon unberührt. Eine diesbezügliche Haftung ist jedoch erst ab dem Zeitpunkt der Kenntnis einer konkreten Rechtsverletzung möglich. Bei Bekanntwerden von entsprechenden Rechtsverletzungen werden wir diese Inhalte umgehend entfernen.</p>



<p>&nbsp;</p>



<h2 class="wp-block-heading"><strong>Haftung für Links</strong></h2>



<p>Unser Angebot enthält Links zu externen Webseiten Dritter, auf deren Inhalte wir keinen Einfluss haben. Deshalb können wir für diese fremden Inhalte auch keine Gewähr übernehmen. Für die Inhalte der verlinkten Seiten ist stets der jeweilige Anbieter oder Betreiber der Seiten verantwortlich. Die verlinkten Seiten wurden zum Zeitpunkt der Verlinkung auf mögliche Rechtsverstöße überprüft. Rechtswidrige Inhalte waren zum Zeitpunkt der Verlinkung nicht erkennbar. Eine permanente inhaltliche Kontrolle der verlinkten Seiten ist jedoch ohne konkrete Anhaltspunkte einer Rechtsverletzung nicht zumutbar. Bei Bekanntwerden von Rechtsverletzungen werden wir derartige Links umgehend entfernen.</p>



<p>&nbsp;</p>



<h2 class="wp-block-heading">Urheberrecht, geistiges Eigentum und Presserecht</h2>



<p>Alle Inhalte dieser Website – einschließlich Texte, Artikel, Fotos, Videos, Kommentare, Schreiben, Interviews und Stellungnahmen – sind urheberrechtlich geschützt und geistiges Eigentum von Deaf24, soweit nicht ausdrücklich etwas anderes angegeben ist.</p>



<p>Deaf24 arbeitet als unabhängige Redaktion, verfügt über einen <strong>internationalen Presseausweis</strong> und steht unter den Regelungen des deutschen <strong>Presserechts</strong>.<br>Damit verbunden sind besondere Rechte und Pflichten, insbesondere der Schutz journalistischer Inhalte, das Recht auf Meinungs- und Pressefreiheit sowie die Beachtung journalistischer Sorgfalt.</p>



<p>Eine Vervielfältigung, Nutzung, Bearbeitung, Übersetzung in andere Formate (einschließlich Gebärdensprache), Umgestaltung oder Weitergabe an Dritte ist ohne unsere vorherige schriftliche Genehmigung untersagt.<br>Dies gilt auch für das Teilen unserer Inhalte über soziale Netzwerke, Messenger-Dienste oder andere digitale Plattformen.</p>



<p>Verstöße gegen diese Bestimmungen stellen eine Verletzung unserer Urheber- und Presserechte dar und können <strong>zivil- und strafrechtlich verfolgt</strong> werden.<br>Wir behalten uns insbesondere vor, Unterlassungsansprüche geltend zu machen sowie <strong>Schadensersatz</strong> nach den gesetzlichen Vorschriften (§§ 97 ff. UrhG) zu verlangen.<br>Die Höhe eines Schadensersatzes richtet sich nach dem Einzelfall und kann mehrere tausend Euro betragen.</p>



<p>Soweit Inhalte auf dieser Seite nicht vom Betreiber erstellt wurden, werden die Urheberrechte Dritter beachtet und entsprechende Quellen gekennzeichnet.<br>Sollten Sie dennoch eine Urheberrechtsverletzung feststellen, bitten wir um einen Hinweis. Bei Bekanntwerden werden wir die betreffenden Inhalte umgehend entfernen.</p>



<p>&nbsp;</p>



<h2 class="wp-block-heading"><strong>Datenschutz</strong></h2>



<p>Die Nutzung unserer Webseite ist in der Regel ohne Angabe personenbezogener Daten möglich. Soweit auf unseren Seiten personenbezogene Daten (beispielsweise Name, Anschrift oder eMail-Adressen) erhoben werden, erfolgt dies, soweit möglich, stets auf freiwilliger Basis. Diese Daten werden ohne Ihre ausdrückliche Zustimmung nicht an Dritte weitergegeben.<br>Wir weisen darauf hin, dass die Datenübertragung im Internet (z.B. bei der Kommunikation per E-Mail) Sicherheitslücken aufweisen kann. Ein lückenloser Schutz der Daten vor dem Zugriff durch Dritte ist nicht möglich.<br>Der Nutzung von im Rahmen der Impressumspflicht veröffentlichten Kontaktdaten durch Dritte zur Übersendung von nicht ausdrücklich angeforderter Werbung und Informationsmaterialien wird hiermit ausdrücklich widersprochen. Die Betreiber der Seiten behalten sich ausdrücklich rechtliche Schritte im Falle der unverlangten Zusendung von Werbeinformationen, etwa durch Spam-Mails, vor.</p>



<p>&nbsp;</p>



<h2 class="wp-block-heading"><strong>Google Analytics</strong></h2>



<p>Diese Website benutzt Google Analytics, einen Webanalysedienst der Google Inc. (“Google“). Google Analytics verwendet sog. “Cookies“, Textdateien, die auf Ihrem Computer gespeichert werden und die eine Analyse der Benutzung der Website durch Sie ermöglicht. Die durch den Cookie erzeugten Informationen über Ihre Benutzung dieser Website (einschließlich Ihrer IP-Adresse) wird an einen Server von Google in den USA übertragen und dort gespeichert. Google wird diese Informationen benutzen, um Ihre Nutzung der Website auszuwerten, um Reports über die Websiteaktivitäten für die Websitebetreiber zusammenzustellen und um weitere mit der Websitenutzung und der Internetnutzung verbundene Dienstleistungen zu erbringen. Auch wird Google diese Informationen gegebenenfalls an Dritte übertragen, sofern dies gesetzlich vorgeschrieben oder soweit Dritte diese Daten im Auftrag von Google verarbeiten. Google wird in keinem Fall Ihre IP-Adresse mit anderen Daten der Google in Verbindung bringen. Sie können die Installation der Cookies durch eine entsprechende Einstellung Ihrer Browser Software verhindern; wir weisen Sie jedoch darauf hin, dass Sie in diesem Fall gegebenenfalls nicht sämtliche Funktionen dieser Website voll umfänglich nutzen können. Durch die Nutzung dieser Website erklären Sie sich mit der Bearbeitung der über Sie erhobenen Daten durch Google in der zuvor beschriebenen Art und Weise und zu dem zuvor benannten Zweck einverstanden.</p>



<p>&nbsp;</p>



<h2 class="wp-block-heading"><strong>Google AdSense</strong></h2>



<p>Diese Website benutzt Google Adsense, einen Webanzeigendienst der Google Inc., USA (“Google“). Google Adsense verwendet sog. “Cookies“ (Textdateien), die auf Ihrem Computer gespeichert werden und die eine Analyse der Benutzung der Website durch Sie ermöglicht. Google Adsense verwendet auch sog. “Web Beacons“ (kleine unsichtbare Grafiken) zur Sammlung von Informationen. Durch die Verwendung des Web Beacons können einfache Aktionen wie der Besucherverkehr auf der Webseite aufgezeichnet und gesammelt werden. Die durch den Cookie und/oder Web Beacon erzeugten Informationen über Ihre Benutzung dieser Website (einschließlich Ihrer IP-Adresse) werden an einen Server von Google in den USA übertragen und dort gespeichert. Google wird diese Informationen benutzen, um Ihre Nutzung der Website im Hinblick auf die Anzeigen auszuwerten, um Reports über die Websiteaktivitäten und Anzeigen für die Websitebetreiber zusammenzustellen und um weitere mit der Websitenutzung und der Internetnutzung verbundene Dienstleistungen zu erbringen. Auch wird Google diese Informationen gegebenenfalls an Dritte übertragen, sofern dies gesetzlich vorgeschrieben oder soweit Dritte diese Daten im Auftrag von Google verarbeiten. Google wird in keinem Fall Ihre IP-Adresse mit anderen Daten der Google in Verbindung bringen. Das Speichern von Cookies auf Ihrer Festplatte und die Anzeige von Web Beacons können Sie verhindern, indem Sie in Ihren Browser-Einstellungen “keine Cookies akzeptieren“ wählen (Im MS Internet-Explorer unter “Extras > Internetoptionen > Datenschutz > Einstellung“; im Firefox unter “Extras > Einstellungen > Datenschutz > Cookies“); wir weisen Sie jedoch darauf hin, dass Sie in diesem Fall gegebenenfalls nicht sämtliche Funktionen dieser Website voll umfänglich nutzen können. Durch die Nutzung dieser Website erklären Sie sich mit der Bearbeitung der über Sie erhobenen Daten durch Google in der zuvor beschriebenen Art und Weise und zu dem zuvor benannten Zweck einverstanden.<br>Impressum vom <a href="https://www.impressum-generator.de" target="_blank" rel="noopener">Impressum Generator</a> der <a href="https://www.kanzlei-hasselbach.de/" target="_blank" rel="noopener">Kanzlei Hasselbach, Rechtsanwälte für Arbeitsrecht und Familienrecht</a></p>

<p>Deaf24 ist eine unabhängige Redaktion mit internationalem Presseausweis.Wir arbeiten journalistisch und stehen unter den Regelungen des deutschen Presserechts.Unsere Aufgabe ist die unabhängige&hellip;</p>
